 = 459 + -125. List the prime factors of a.
2, 167
Let t(j) = -j**3 - 7*j**2 + 9*j - 10. Let r = -51 + 41. What are the prime factors of t(r)?
2, 5
Let m(b) be the first derivative of -11*b**2/2 - 11*b - 24. What are the prime factors of m(-8)?
7, 11
Suppose -u = -4*y + 123, 5*y - 165 = 5*u - 0*u. Let a(m) = 10*m - y*m + 13*m + 11 + 2*m**2. What are the prime factors of a(6)?
41
Let p(s) = 17*s + 1. Let h be p(1). Let v be ((-24)/2)/(h/(-60)). Suppose -3*u = -c + v, 4*c + 73 = 2*u + 213. List the prime factors of c.
2, 17
Suppose 0 = 4*z - 3*n - 36, 14 = z - 3*n + n. Let s be 27/z + (-3)/(-2). Let w = 50 - s. List the prime factors of w.
2, 11
Let z = 996 - -727. List the prime factors of z.
1723
Let p(d) = 10*d**3 + 11*d**2 - 20*d + 12. What are the prime factors of p(4)?
2, 11, 17
Suppose -50 = 2*f - 7*f. Suppose 0 = 7*x - 2*x - 4*n + 22, -2*n = x - 4. What are the prime factors of (16/f)/(x/(-25))?
2, 5
Let s(m) = -15*m + 5. Let v be s(-7). Let b = 193 - v. What are the prime factors of b?
83
Let o(w) = -129*w + 207. What are the prime factors of o(-22)?
3, 5, 7, 29
Let x(i) = i**2 - 5*i - 4. Let a be x(6). Suppose 43 = -a*b + 147. What are the prime factors of b?
2, 13
Let g be (6/(-9))/(4/36). Let t be g/21 - (-195)/21. Suppose 4*a - 15 = t. What are the prime factors of a?
2, 3
Let z(j) = 6*j + 3. Let c be ((-4)/12 + 0)*-42. What are the prime factors of z(c)?
3, 29
Let h(w) = 28*w**3 + 3*w**2 - 12. What are the prime factors of h(3)?
3, 257
Let p = -6 + 10. Suppose -p*m + 393 = 3*y, m + 5*y - 179 = -m. Suppose 7*h = 4*h + m. List the prime factors of h.
2, 17
Suppose -89 = 4*k + 11. Let h be -50 + -1*(2 - 4). List the prime factors of (h/40)/(2/k).
3, 5
Suppose -5*j = -9 - 1. Suppose w = -j*n - 2*n + 91, 50 = 2*n - 4*w. Suppose m - n = -5*r + 1, -m = -4*r - 15. What are the prime factors of m?
19
Let y(n) = -2*n + 28. Let z be y(15). What are the prime factors of z/((-5)/(-20) - 10/36)?
2, 3
Let w = -62 - -30. Let g = w + 39. List the prime factors of g.
7
Let q = 16 - 11. Let v = q + 70. List the prime factors of v.
3, 5
Let r be 13/((-1)/8*-4). Suppose 15 = v + 13. Suppose -v*s = -s - r. What are the prime factors of s?
2, 13
Suppose 0 = -5*r + 3*h + 34, 36 = 4*r - 5*h + 1. Suppose -2*v = -z + 12, r*v = z - 12 + 6. List the prime factors of z.
2
Suppose -f - 4*x = -6, 3*f - 36 = -3*x - 0*x. Let h = f - 12. Suppose 2*u = -5*y + 17, 0*u - h*u + 3*y + 25 = 0. List the prime factors of u.
11
Suppose 5*j + 3*v = -7, -3*j - 3 = -j + v. Let o be ((-22)/33)/(j/6). Suppose -k - o + 21 = 0. What are the prime factors of k?
19
Let n be 3*-97 + -1*(-2 + 3). Let m = -200 - n. What are the prime factors of m?
2, 23
Let b = -62 + 67. Let w(n) = n**2 + 3*n + 7. List the prime factors of w(b).
47
Suppose i + 2*b + 2*b = -50, 0 = -b. Let z = i - -96. What are the prime factors of z?
2, 23
Let o(i) = i**3 - 6 - 8*i + 3 + 10*i**2 - 4*i. Let g be o(-11). Let m(z) = -z**3 + 8*z**2 + 5. List the prime factors of m(g).
5
What are the prime factors of 378/(-12)*70/(-3)?
3, 5, 7
Suppose -22*t = -18*t. What are the prime factors of (t/(-3) - 0) + 166 - 2?
2, 41
Suppose -8 = -2*v, -5*a - 4*v + 33 = 2. Suppose 0 = -a*r - 4*p + 148, -3*r = -0*r - 3*p - 162. List the prime factors of r.
2, 13
Suppose 5*q - v = 2*q + 1385, 2280 = 5*q + 4*v. What are the prime factors of q?
2, 5, 23
Let x(o) = o**3 - 27*o**2 - 4*o + 51. What are the prime factors of x(28)?
3, 241
Let l = -163 - -314. Suppose 1 = -10*c + l. What are the prime factors of c?
3, 5
Let w(a) = 6*a - 11. Let o(v) = v**3 - 5*v**2 + 6*v - 3. Let j be o(4). List the prime factors of w(j).
19
Let r be 67/(-1)*(-6)/6. Suppose -5*s = -r - 33. What are the prime factors of (-3 - -1)*-1 + s?
2, 11
Let v be (1/(-2))/((-5)/(-160)). Let t = 21 + v. Suppose -t*f = -6*f + 26. What are the prime factors of f?
2, 13
Let j(v) = -6*v**3 - 2*v**2 + 2. Let b(k) be the third derivative of -k**4/12 + 5*k**3/3 - 2*k**2. Let z be b(6). List the prime factors of j(z).
2, 3, 7
Let k be (-22)/(-4) + (-15)/10 + 2. Suppose -k - 130 = -2*r. What are the prime factors of r?
2, 17
Suppose -64 = 13*d - 15*d. Let g = d - -35. What are the prime factors of g?
67
Let p = -228 + 500. List the prime factors of p.
2, 17
Let n = 4 + -4. Suppose n*m - 2 = -m. Suppose -5*o = 5*y - 105, m*o = -3*y + 4*o + 88. What are the prime factors of y?
2, 13
Let m(i) = 2*i - 11. Let r be m(-6). What are the prime factors of 3 + 0 + r + 107?
3, 29
Let c be 2*(-3)/(-9)*6. Suppose 4*l - c*q + 31 = 5*l, 5*l + 4*q = 187. Let s = -3 + l. What are the prime factors of s?
2, 3
Suppose 2*w = x - 2*w + 16, 3*x + 13 = 5*w. Suppose -a + 375 = x*a + 5*c, 0 = -2*a - 4*c + 158. What are the prime factors of a?
71
Let t be 1 + 2/(-1) + 12 + -10. List the prime factors of t/4 + 303/4.
2, 19
Let d = -1065 - -1976. What are the prime factors of d?
911
Suppose -33 = -5*g + 82. Let m = 38 + g. List the prime factors of m.
61
Let f be 2 - ((-8)/2 + 21). Let o(p) = -2*p + 16. List the prime factors of o(f).
2, 23
Let g = 70 - 66. Suppose u = -5*a + 3 + 36, g*u = -3*a + 122. What are the prime factors of u?
29
Suppose 44*q - 29*q = 17265. What are the prime factors of q?
1151
Let b be (471/(-12))/(4/16). Let q = -84 - b. List the prime factors of q.
73
Suppose 2*s - 4*s - 4 = 0. Let z(o) = 7*o + 7. Let g(k) = k + 1. Let w(l) = s*g(l) + z(l). List the prime factors of w(4).
5
Let g = -43 + 196. Suppose 0 = 5*k - v - 384, 2*k + 0*v - g = v. What are the prime factors of k?
7, 11
Suppose -19 = w - 267. Let z = w + -128. List the prime factors of z.
2, 3, 5
Let s be ((-33)/2)/((-12)/(-72)). Let v = s + 294. What are the prime factors of v?
3, 5, 13
Suppose 2*f = 3*d + 1556, -f + 104 = -4*d - 664. What are the prime factors of f?
2, 7
Suppose 0 = 8*s - s - 7280. What are the prime factors of s?
2, 5, 13
Suppose -5*z + 25 = -0*z, -3*j + 5*z = -551. List the prime factors of j.
2, 3
Let c(t) = 30*t - 89. List the prime factors of c(35).
31
Let s(t) = 30*t - 43. What are the prime factors of s(27)?
13, 59
Suppose 282 = -0*g - 2*g. Let d = g + 227. What are the prime factors of d?
2, 43
Let k = 18 + -17. Let p = k - 1. Suppose 3*a = -a - 3*i + 44, 4*a - 4*i - 72 = p. List the prime factors of a.
2, 7
Let j(k) = -59*k + 24. What are the prime factors of j(-12)?
2, 3, 61
Suppose 0 = -m - 62 - 88. Let h = m + 225. Let g = 137 - h. List the prime factors of g.
2, 31
Let z(t) = t**2 - 2. Let p be z(2). Suppose -s - 3*o + 44 = -7*o, 0 = 4*s - p*o - 134. What are the prime factors of s?
2
Let t(a) = 30*a - 23. What are the prime factors of t(5)?
127
Suppose 21 = 5*f + 11. Let c(l) = 0*l + 0*l + 7*l**2 + 0*l - 2. What are the prime factors of c(f)?
2, 13
Let a be ((-1)/5)/((-8)/40). Let x be a*(0 + 0 + 39). Let u = -37 + x. What are the prime factors of u?
2
Let b = 5344 - 2774. What are the prime factors of b?
2, 5, 257
Let h = -1571 - -2257. Let s = h + -456. List the prime factors of s.
2, 5, 23
Let m = 4420 - 1322. What are the prime factors of m?
2, 1549
Suppose -a - 441 = -1382. What are the prime factors of a?
941
Suppose -5*y = -4*x - 0*y + 191, 0 = -3*x + 3*y + 144. Suppose 3*g - x - 11 = 0. Suppose 3*u - 31 = g. List the prime factors of u.
17
Suppose -2073 = -4*z - 5*j, -z + 2570 = 4*z + 2*j. List the prime factors of z.
2
Suppose 0 = 13*a - 15*a + 12. Suppose -3*f - 8 = -5*f. Suppose -3*k + 2 = m - a*k, 3*k - f = -2*m. What are the prime factors of m?
2
Let y = 144 + -314. What are the prime factors of y*((-36)/20 + 1)?
2, 17
Let y(j) = -2*j**3 - 9*j**2 + 18*j - 9. What are the prime factors of y(-9)?
2, 3, 31
Let o = 91 + 10. What are the prime factors of o?
101
Let y(r) = -2*r + 44. Let q be y(22). Suppose q*l + 1068 = 12*l. List the prime factors of l.
89
Let q = -27 + 55. Suppose 0 = -g + 3*g - 100. Let a = g - q. List the prime factors of a.
2, 11
Let q = 59 + -28. Let s be (1/(-2))/((-4)/8) + -20. Let x = s + q. What are the prime factors of x?
2, 3
Let s = 2387 + -2322. What are the prime factors of s?
5, 13
Let w be (4302/15)/((-6)/(-15)). List the prime factors of (2 + w/(-9))/((-4)/12).
233
Let w = 85 + -89. Let h(b) = b**2 + 6. List the prime factors of h(w).
2, 11
Let o be 16/(-28) - 930/(-35). Suppose 21*t + 1455 = o*t. List the prime factors of t.
3, 97
Let p be (-1)/6